{"id":14543,"date":"2021-07-19T08:15:26","date_gmt":"2021-07-19T13:15:26","guid":{"rendered":"http:\/\/www.upslp.edu.mx\/upslp\/?page_id=14543"},"modified":"2021-12-07T12:06:03","modified_gmt":"2021-12-07T18:06:03","slug":"etica-y-prevencion-de-conflictos-de-interes","status":"publish","type":"page","link":"https:\/\/www.upslp.edu.mx\/upslp\/?page_id=14543","title":{"rendered":"\u00c9tica y Prevenci\u00f3n de Conflictos de Inter\u00e9s"},"content":{"rendered":"<h2><a href=\"https:\/\/www.upslp.edu.mx\/upslp\/wp-content\/uploads\/2021\/07\/1Extraordinaria_28-03-19.pdf\" target=\"_blank\" rel=\"noopener noreferrer\"><b>1.- Acta del Comit\u00e9\u00a0<\/b><\/a><\/h2>\n<h2><b><a href=\"https:\/\/www.upslp.edu.mx\/upslp\/wp-content\/uploads\/2021\/07\/Reglas-y-Lineamientos-de-Integridad.pdf\" target=\"_blank\" rel=\"noopener noreferrer\">2.- Lineamientos de Integridad<\/a>\u00a0<\/b><\/h2>\n<h2><a href=\"https:\/\/www.upslp.edu.mx\/upslp\/wp-content\/uploads\/2021\/07\/Lineamientos-Funcionamiento_CEtica-UPSLP_Junio20.pdf\" target=\"_blank\" rel=\"noopener noreferrer\"><b>2.- Lineamientos de Funcionamiento\u00a0<\/b><\/a><\/h2>\n<h2><a href=\"https:\/\/www.upslp.edu.mx\/upslp\/wp-content\/uploads\/2021\/12\/CodigoDeEticaPoderEjecutivo.pdf\" target=\"_blank\" rel=\"noopener noreferrer\"><b>3.- C\u00f3digo de \u00c9tica<\/b><\/a><\/h2>\n<h2><a href=\"https:\/\/www.upslp.edu.mx\/upslp\/wp-content\/uploads\/2021\/07\/SLP-CODIGO-DE-CONDUCTA-UNIVERSIDAD-POLITECNICA-16-JUN-2021.pdf\" target=\"_blank\" rel=\"noopener noreferrer\"><b>4.- C\u00f3digo de Conducta\u00a0<\/b><\/a><\/h2>\n<h2><a href=\"https:\/\/www.upslp.edu.mx\/upslp\/wp-content\/uploads\/2021\/07\/Protocolo-Atencion_CEtica-UPSLP_Junio20.pdf\" target=\"_blank\" rel=\"noopener noreferrer\">5.-\u00a0<span lang=\"ES-MX\"><b>Protocolo de atenci\u00f3n a delaciones<\/b><\/span><\/a><\/h2>\n","protected":false},"excerpt":{"rendered":"<p>1.- Acta del Comit\u00e9\u00a0 2.- Lineamientos de Integridad\u00a0 2.- Lineamientos de Funcionamiento\u00a0 3.- C\u00f3digo [&hellip;]<\/p>\n","protected":false},"author":1,"featured_media":0,"parent":2661,"menu_order":0,"comment_status":"closed","ping_status":"closed","template":"","meta":{"footnotes":""},"_links":{"self":[{"href":"https:\/\/www.upslp.edu.mx\/upslp\/index.php?rest_route=\/wp\/v2\/pages\/14543"}],"collection":[{"href":"https:\/\/www.upslp.edu.mx\/upslp\/index.php?rest_route=\/wp\/v2\/pages"}],"about":[{"href":"https:\/\/www.upslp.edu.mx\/upslp\/index.php?rest_route=\/wp\/v2\/types\/page"}],"author":[{"embeddable":true,"href":"https:\/\/www.upslp.edu.mx\/upslp\/index.php?rest_route=\/wp\/v2\/users\/1"}],"replies":[{"embeddable":true,"href":"https:\/\/www.upslp.edu.mx\/upslp\/index.php?rest_route=%2Fwp%2Fv2%2Fcomments&post=14543"}],"version-history":[{"count":3,"href":"https:\/\/www.upslp.edu.mx\/upslp\/index.php?rest_route=\/wp\/v2\/pages\/14543\/revisions"}],"predecessor-version":[{"id":15437,"href":"https:\/\/www.upslp.edu.mx\/upslp\/index.php?rest_route=\/wp\/v2\/pages\/14543\/revisions\/15437"}],"up":[{"embeddable":true,"href":"https:\/\/www.upslp.edu.mx\/upslp\/index.php?rest_route=\/wp\/v2\/pages\/2661"}],"wp:attachment":[{"href":"https:\/\/www.upslp.edu.mx\/upslp\/index.php?rest_route=%2Fwp%2Fv2%2Fmedia&parent=14543"}],"curies":[{"name":"wp","href":"https:\/\/api.w.org\/{rel}","templated":true}]}}