{"id":16739,"date":"2022-09-12T17:32:40","date_gmt":"2022-09-12T22:32:40","guid":{"rendered":"https:\/\/www.upslp.edu.mx\/upslp\/?page_id=16739"},"modified":"2025-10-20T12:16:15","modified_gmt":"2025-10-20T17:16:15","slug":"oferta-educativa","status":"publish","type":"page","link":"https:\/\/www.upslp.edu.mx\/upslp\/?page_id=16739","title":{"rendered":"Oferta Educativa"},"content":{"rendered":"<h2 style=\"text-align: center;\"><span style=\"color: #e77817;\">Para conocer m\u00e1s, da clic en el bot\u00f3n de la carrera de tu inter\u00e9s<\/span><\/h2>\n<p><span style=\"color: #ffffff;\">\u00a0 \u00a0 .<\/span><\/p>\n<table style=\"border-collapse: collapse; width: 100%;\" border=\"1\">\n<tbody>\n<tr>\n<td style=\"width: 33.3333%;\"><a href=\"https:\/\/www.upslp.edu.mx\/upslp\/?page_id=20508\" target=\"_blank\" rel=\"noopener\"><img loading=\"lazy\" decoding=\"async\" width=\"230\" height=\"115\" class=\"aligncenter wp-image-20148 size-full\" src=\"https:\/\/www.upslp.edu.mx\/upslp\/wp-content\/uploads\/2024\/10\/Imagen-Lic-Ing-Tec-de-Info.jpg\" alt=\"\" \/><\/a><\/td>\n<td style=\"width: 33.3333%;\"><a href=\"https:\/\/www.upslp.edu.mx\/upslp\/?page_id=20306\" target=\"_blank\" rel=\"noopener\"><img loading=\"lazy\" decoding=\"async\" width=\"230\" height=\"115\" class=\"aligncenter wp-image-20147 size-full\" src=\"https:\/\/www.upslp.edu.mx\/upslp\/wp-content\/uploads\/2024\/10\/Imagen-Lic-Ing-en-Manufactura-Avanza.jpg\" alt=\"\" \/><\/a><\/td>\n<td style=\"width: 33.3333%;\"><a href=\"https:\/\/www.upslp.edu.mx\/upslp\/?page_id=20759\" target=\"_blank\" rel=\"noopener\"><img loading=\"lazy\" decoding=\"async\" width=\"230\" height=\"115\" class=\"aligncenter wp-image-20149 size-full\" src=\"https:\/\/www.upslp.edu.mx\/upslp\/wp-content\/uploads\/2024\/10\/Imagen-Lic-Ing-Industrial.jpg\" alt=\"\" \/><\/a><\/td>\n<\/tr>\n<\/tbody>\n<\/table>\n<p>&nbsp;<\/p>\n<table style=\"border-collapse: collapse; width: 100%;\" border=\"1\">\n<tbody>\n<tr>\n<td style=\"width: 50%;\"><a href=\"https:\/\/www.upslp.edu.mx\/upslp\/?page_id=20040\" target=\"_blank\" rel=\"noopener\"><img loading=\"lazy\" decoding=\"async\" width=\"230\" height=\"115\" class=\"wp-image-19981 size-full aligncenter\" src=\"https:\/\/www.upslp.edu.mx\/upslp\/wp-content\/uploads\/2024\/08\/Lic-en-Negocios-y-Merca.png\" alt=\"\" \/><\/a><\/td>\n<td style=\"width: 50%;\"><a href=\"https:\/\/www.upslp.edu.mx\/upslp\/?page_id=20114\" target=\"_blank\" rel=\"noopener\"><img loading=\"lazy\" decoding=\"async\" width=\"230\" height=\"115\" class=\"wp-image-19984 size-full aligncenter\" src=\"https:\/\/www.upslp.edu.mx\/upslp\/wp-content\/uploads\/2024\/08\/Imagen-Lic-Administracion.png\" alt=\"\" \/><\/a><\/td>\n<\/tr>\n<\/tbody>\n<\/table>\n<p>&nbsp;<\/p>\n<p><span style=\"color: #ffffff;\">\u00a0 \u00a0 .\u00a0<\/span><\/p>\n<p>&nbsp;<\/p>\n<p style=\"text-align: center;\">\t<div class=\"header-under-text\">\r\n    <hr \/>\r\n    <h1>Contacto<\/h1>\r\n    <p style=\"font-size:16px; font-style:italic;\"> <\/p>\r\n    <hr \/>\r\n    <\/div>\r\n    <div class=\"space-twenty\"><\/div>\r\n<\/p>\n<p style=\"text-align: center;\">Tel\u00e9fono: (444) 870 \u2013 21\u2013 00 Ext. 263 y 265<\/p>\n<p style=\"text-align: center;\">Urbano Villal\u00f3n #500 Col. La Ladrillera<\/p>\n<h3 style=\"text-align: center;\">Comunicaci\u00f3n y Promoci\u00f3n<\/h3>\n<table class=\"aligncenter\" style=\"width: 270px; border-collapse: collapse;\" border=\"1\">\n<tbody>\n<tr>\n<td style=\"width: 45px;\"><a href=\"https:\/\/wa.link\/b40pbn\" target=\"_blank\" rel=\"noopener noreferrer\"><img loading=\"lazy\" decoding=\"async\" width=\"35\" height=\"35\" class=\"aligncenter wp-image-13054 size-full\" src=\"https:\/\/www.upslp.edu.mx\/upslp\/wp-content\/uploads\/2020\/10\/Icono-whatsapp.png\" alt=\"\" \/><\/a><\/td>\n<td style=\"width: 45px;\"><a href=\"https:\/\/www.facebook.com\/upslp\" target=\"_blank\" rel=\"noopener noreferrer\"><img loading=\"lazy\" decoding=\"async\" width=\"35\" height=\"35\" class=\"aligncenter wp-image-13034 size-full\" src=\"https:\/\/www.upslp.edu.mx\/upslp\/wp-content\/uploads\/2020\/10\/Icono-facebook.png\" alt=\"\" \/><\/a><\/td>\n<td style=\"width: 45px;\"><a href=\"https:\/\/www.instagram.com\/upslp_oficial\/\" target=\"_blank\" rel=\"noopener noreferrer\"><img loading=\"lazy\" decoding=\"async\" width=\"35\" height=\"35\" class=\"aligncenter wp-image-13047 size-full\" src=\"https:\/\/www.upslp.edu.mx\/upslp\/wp-content\/uploads\/2020\/10\/Icono-Instagram.png\" alt=\"\" \/><\/a><\/td>\n<td style=\"width: 45px;\"><a href=\"https:\/\/twitter.com\/UPSLP_MX\" target=\"_blank\" rel=\"noopener noreferrer\"><img loading=\"lazy\" decoding=\"async\" width=\"35\" height=\"35\" class=\"aligncenter wp-image-13055 size-full\" src=\"https:\/\/www.upslp.edu.mx\/upslp\/wp-content\/uploads\/2020\/10\/Icono-Twitter.png\" alt=\"\" \/><\/a><\/td>\n<td style=\"width: 45px;\"><a href=\"mailto:aspirantes@upslp.edu.mx\" target=\"_blank\" rel=\"noopener noreferrer\"><img loading=\"lazy\" decoding=\"async\" width=\"35\" height=\"35\" class=\"aligncenter wp-image-13038 size-full\" src=\"https:\/\/www.upslp.edu.mx\/upslp\/wp-content\/uploads\/2020\/10\/Icono-correo.png\" alt=\"\" \/><\/a><\/td>\n<td style=\"width: 45px;\"><a href=\"https:\/\/t.me\/aspirantesUPSLP\" target=\"_blank\" rel=\"noopener noreferrer\"><img loading=\"lazy\" decoding=\"async\" width=\"35\" height=\"35\" class=\"aligncenter wp-image-13748 size-full\" src=\"https:\/\/www.upslp.edu.mx\/upslp\/wp-content\/uploads\/2021\/02\/Icono_telegram.png\" alt=\"\" \/><\/a><\/td>\n<\/tr>\n<\/tbody>\n<\/table>\n<p>&nbsp;<\/p>\n","protected":false},"excerpt":{"rendered":"<p>Para conocer m\u00e1s, da clic en el bot\u00f3n de la carrera de tu inter\u00e9s [&hellip;]<\/p>\n","protected":false},"author":1,"featured_media":0,"parent":244,"menu_order":0,"comment_status":"closed","ping_status":"closed","template":"","meta":{"footnotes":""},"_links":{"self":[{"href":"https:\/\/www.upslp.edu.mx\/upslp\/index.php?rest_route=\/wp\/v2\/pages\/16739"}],"collection":[{"href":"https:\/\/www.upslp.edu.mx\/upslp\/index.php?rest_route=\/wp\/v2\/pages"}],"about":[{"href":"https:\/\/www.upslp.edu.mx\/upslp\/index.php?rest_route=\/wp\/v2\/types\/page"}],"author":[{"embeddable":true,"href":"https:\/\/www.upslp.edu.mx\/upslp\/index.php?rest_route=\/wp\/v2\/users\/1"}],"replies":[{"embeddable":true,"href":"https:\/\/www.upslp.edu.mx\/upslp\/index.php?rest_route=%2Fwp%2Fv2%2Fcomments&post=16739"}],"version-history":[{"count":33,"href":"https:\/\/www.upslp.edu.mx\/upslp\/index.php?rest_route=\/wp\/v2\/pages\/16739\/revisions"}],"predecessor-version":[{"id":21869,"href":"https:\/\/www.upslp.edu.mx\/upslp\/index.php?rest_route=\/wp\/v2\/pages\/16739\/revisions\/21869"}],"up":[{"embeddable":true,"href":"https:\/\/www.upslp.edu.mx\/upslp\/index.php?rest_route=\/wp\/v2\/pages\/244"}],"wp:attachment":[{"href":"https:\/\/www.upslp.edu.mx\/upslp\/index.php?rest_route=%2Fwp%2Fv2%2Fmedia&parent=16739"}],"curies":[{"name":"wp","href":"https:\/\/api.w.org\/{rel}","templated":true}]}}