{"id":17982,"date":"2023-07-21T12:08:58","date_gmt":"2023-07-21T17:08:58","guid":{"rendered":"https:\/\/www.upslp.edu.mx\/upslp\/?page_id=17982"},"modified":"2023-07-21T12:09:13","modified_gmt":"2023-07-21T17:09:13","slug":"informacion-presupuestaria-junio-6","status":"publish","type":"page","link":"https:\/\/www.upslp.edu.mx\/upslp\/?page_id=17982","title":{"rendered":"Informaci\u00f3n Presupuestaria &#8211; Junio"},"content":{"rendered":"<p><a href=\"https:\/\/www.upslp.edu.mx\/upslp\/wp-content\/uploads\/2023\/07\/Edo.-Analitico-Ingresos-Junio-2023.pdf\" target=\"_blank\" rel=\"noopener\">Edo. Anal\u00edtico Ingresos Junio 2023<\/a><\/p>\n<p><a href=\"https:\/\/www.upslp.edu.mx\/upslp\/wp-content\/uploads\/2023\/07\/Endeudamiento-Neto-Junio-2023.pdf\" target=\"_blank\" rel=\"noopener\">Endeudamiento Neto Junio 2023<\/a><\/p>\n<p><a href=\"https:\/\/www.upslp.edu.mx\/upslp\/wp-content\/uploads\/2023\/07\/Estado-analitico-del-ejercicio-del-presupuesto-de-egresos-clasificacion-fuente-de-financiamiento.pdf\" target=\"_blank\" rel=\"noopener\">Estado anal\u00edtico del ejercicio del presupuesto de egresos clasificaci\u00f3n fuente de financiamiento<\/a><\/p>\n<p><a href=\"https:\/\/www.upslp.edu.mx\/upslp\/wp-content\/uploads\/2023\/07\/Estado-analitico-del-ejercicio-del-presupuesto-de-egresos-en-clasificacion-por-objeto-del-gasto-Junio-2023.pdf\" target=\"_blank\" rel=\"noopener\">Estado anal\u00edtico del ejercicio del presupuesto de egresos en clasificaci\u00f3n por objeto del gasto Junio 2023<\/a><\/p>\n<p><a href=\"https:\/\/www.upslp.edu.mx\/upslp\/wp-content\/uploads\/2023\/07\/Estado-analitico-ejercicio-del-presupuesto-de-egresos-clasificacion-economica.pdf\" target=\"_blank\" rel=\"noopener\">Estado anal\u00edtico ejercicio del presupuesto de egresos clasificaci\u00f3n econ\u00f3mica<\/a><\/p>\n<p><a href=\"https:\/\/www.upslp.edu.mx\/upslp\/wp-content\/uploads\/2023\/07\/Estado-analitico-ejercicio-presupuestal-egresos-clasificacion-funcional.pdf\" target=\"_blank\" rel=\"noopener\">Estado anal\u00edtico ejercicio presupuestal egresos clasificaci\u00f3n funcional<\/a><\/p>\n<p><a href=\"https:\/\/www.upslp.edu.mx\/upslp\/wp-content\/uploads\/2023\/07\/Estado-analitico-ejercicio-presupuesto-egresos-clasificacion-administrativa-Junio-2023.pdf\" target=\"_blank\" rel=\"noopener\">Estado anal\u00edtico ejercicio presupuesto egresos clasificaci\u00f3n administrativa Junio 2023<\/a><\/p>\n<p><a href=\"https:\/\/www.upslp.edu.mx\/upslp\/wp-content\/uploads\/2023\/07\/Intereses-de-la-Deuda-Junio-2023.pdf\" target=\"_blank\" rel=\"noopener\">Intereses de la Deuda Junio 2023<\/a><\/p>\n","protected":false},"excerpt":{"rendered":"<p>Edo. Anal\u00edtico Ingresos Junio 2023 Endeudamiento Neto Junio 2023 Estado anal\u00edtico del ejercicio del [&hellip;]<\/p>\n","protected":false},"author":1,"featured_media":0,"parent":8897,"menu_order":0,"comment_status":"closed","ping_status":"closed","template":"","meta":{"footnotes":""},"_links":{"self":[{"href":"https:\/\/www.upslp.edu.mx\/upslp\/index.php?rest_route=\/wp\/v2\/pages\/17982"}],"collection":[{"href":"https:\/\/www.upslp.edu.mx\/upslp\/index.php?rest_route=\/wp\/v2\/pages"}],"about":[{"href":"https:\/\/www.upslp.edu.mx\/upslp\/index.php?rest_route=\/wp\/v2\/types\/page"}],"author":[{"embeddable":true,"href":"https:\/\/www.upslp.edu.mx\/upslp\/index.php?rest_route=\/wp\/v2\/users\/1"}],"replies":[{"embeddable":true,"href":"https:\/\/www.upslp.edu.mx\/upslp\/index.php?rest_route=%2Fwp%2Fv2%2Fcomments&post=17982"}],"version-history":[{"count":2,"href":"https:\/\/www.upslp.edu.mx\/upslp\/index.php?rest_route=\/wp\/v2\/pages\/17982\/revisions"}],"predecessor-version":[{"id":17992,"href":"https:\/\/www.upslp.edu.mx\/upslp\/index.php?rest_route=\/wp\/v2\/pages\/17982\/revisions\/17992"}],"up":[{"embeddable":true,"href":"https:\/\/www.upslp.edu.mx\/upslp\/index.php?rest_route=\/wp\/v2\/pages\/8897"}],"wp:attachment":[{"href":"https:\/\/www.upslp.edu.mx\/upslp\/index.php?rest_route=%2Fwp%2Fv2%2Fmedia&parent=17982"}],"curies":[{"name":"wp","href":"https:\/\/api.w.org\/{rel}","templated":true}]}}