{"id":2449,"date":"2015-11-04T16:37:42","date_gmt":"2015-11-04T22:37:42","guid":{"rendered":"http:\/\/192.168.2.100\/upslp\/?page_id=2449"},"modified":"2026-04-14T17:07:22","modified_gmt":"2026-04-14T22:07:22","slug":"titulacion","status":"publish","type":"page","link":"https:\/\/www.upslp.edu.mx\/upslp\/?page_id=2449","title":{"rendered":"Titulaci\u00f3n"},"content":{"rendered":"<table style=\"width: 960px; background-color: #e6e6e6;\" border=\"0\">\n<tbody>\n<tr>\n<td>\n<h3 style=\"text-align: center;\"><\/h3>\n<\/td>\n<\/tr>\n<\/tbody>\n<\/table>\n<h1 style=\"text-align: center;\"><\/h1>\n<h1 style=\"text-align: center;\"><strong><span style=\"line-height: 1.5em;\">AVISO<\/span><\/strong><\/h1>\n<p style=\"text-align: justify;\">\u00abA partir del 1 de octubre de 2018, el registro de t\u00edtulo y expedici\u00f3n de c\u00e9dula profesional por la Direcci\u00f3n General de Profesiones de la SEP, es en l\u00ednea, por lo que los costos de Titulaci\u00f3n y los esquemas de pago se han modificado\u00bb.<\/p>\n<p style=\"text-align: justify;\">Checa la informaci\u00f3n completa y los requisitos de titulaci\u00f3n.<\/p>\n<p style=\"text-align: right;\"><b>Para mayor informaci\u00f3n:<\/b><\/p>\n<div class=\"x_elementToProof\" style=\"text-align: right;\">De 07:30 a 18:20 horas, de lunes a viernes.<br \/>\nReceso acad\u00e9mico a partir del 30 de marzo al 04 de abril del 2026<\/div>\n<p style=\"text-align: right;\"><a href=\"mailto:serviciosescolares@upslp.edu.mx\">serviciosescolares@upslp.edu.mx<\/a><\/p>\n<div class=\"toggle-holder\" id=\"ninefourninefivetw\" style=\"width:900px; float:none; \">\r\n\t<div class=\"toggle-header\">Requisitos Titulaci\u00f3n y C\u00e9dula Profesional<\/div>\r\n\t<div class=\"togglebox\">\n<p><strong>Procedimiento:<\/strong><\/p>\n<ul>\n<li><span data-olk-copy-source=\"MessageBody\">Paga en la cuenta 0000-0000-000040 de Santander Serf\u00edn \u00a0Convenio 5399 $5,000.00 (vigencia del costo, 17 Julio de 2026)<\/span><\/li>\n<li>Cambia el recibo bancario en caja.<\/li>\n<\/ul>\n<p><strong>Especificaciones:<\/strong><\/p>\n<ul>\n<li style=\"text-align: justify;\">Para alumnos que cumplen con el 100% de los cr\u00e9ditos de su plan de estudios, Servicio Social, examen EGEL aprobado, Residencia Liberada y Certificaciones aplicables a su carrera.<\/li>\n<\/ul>\n<p><strong>Costo del tr\u00e1mite:<\/strong><\/p>\n<ul>\n<li>Costo de <span data-olk-copy-source=\"MessageBody\">$5,000.00 (vigencia del costo, 17 Julio de 2026)<\/span><\/li>\n<\/ul>\n<p><strong>Descarga aqu\u00ed los requisitos de titulaci\u00f3n:<\/strong><\/p>\n<p><a href=\"https:\/\/www.upslp.edu.mx\/upslp\/wp-content\/uploads\/2026\/01\/Requisitos-de-Titulacion-20261S-Acuerdo-administrativo.pdf\" target=\"_blank\" rel=\"noopener\">Requisitos de Titulaci\u00f3n<\/a><\/p>\n<p><a href=\"https:\/\/www.upslp.edu.mx\/upslp\/wp-content\/uploads\/2025\/11\/Formato-de-No-Adeudos-Titulacion-2025.pdf\" target=\"_blank\" rel=\"noopener\">Formato de No Adeudos<\/a><\/p>\n<p><a href=\"https:\/\/www.upslp.edu.mx\/upslp\/wp-content\/uploads\/2026\/04\/ACTUALIZACION-CEREMONIA.pdf\" target=\"_blank\" rel=\"noopener\">Ex\u00e1menes Recepcionales<\/a><\/p>\n<p><a href=\"https:\/\/www.upslp.edu.mx\/upslp\/wp-content\/uploads\/2018\/10\/COMO-OBTENER-TU-EFIRMA.docx\" target=\"_blank\" rel=\"noopener noreferrer\">Como obtener tu e.firma<\/a><\/p>\n<p>&nbsp;<\/p>\n<p><a href=\"http:\/\/linkaarchivos\/\">\u00a0<\/a><\/p>\n<p><span style=\"line-height: 1.5em;\"><\/div><\/div><script type=\"text\/javascript\">\r\n\t\tjQuery(document).ready(function(){\r\n\tjQuery(\"#ninefourninefivetw .togglebox\").hide();\r\n\t\t\t\t\tjQuery(\"#ninefourninefivetw .toggle-header\").css({\"background-position\":\"0px -32px\"});jQuery(\"#ninefourninefivetw .toggle-header\").click(function(){\r\n\t\t\tif(!jQuery.browser.msie || (jQuery.browser.msie && jQuery.browser.version > 6)){\r\n\t\t\t\tif(jQuery(this).next(\".togglebox\").is(\":visible\")){\r\n\t\t\t\t\tjQuery(this).stop().animate({\"background-position\":\"0px -32px\"},{duration:400, easing:\"easeInSine\"});\r\n\t\t\t\t}else{\r\n\t\t\t\t\tjQuery(this).stop().animate({\"background-position\":\"0px 0px\"},{duration:400, easing:\"easeOutSine\"});\r\n\t\t\t\t}\r\n\t\t\t}\r\n\t\t\tjQuery(this).next(\".togglebox\").slideToggle(\"slow\");\r\n\t\t\treturn true;\r\n\t\t});\r\n\t\t});\r\n\t<\/script><\/span><\/p>\n<div class=\"toggle-holder\" id=\"onethreefoureights\" style=\"width:900px; float:none; \">\r\n\t<div class=\"toggle-header\">Cartas de pasante<\/div>\r\n\t<div class=\"togglebox\">\n<p><strong>Procedimiento:<\/strong><\/p>\n<ul>\n<li>Paga en la cuenta 0000-0000-000040 de Santander Serf\u00edn Convenio 5399.<\/li>\n<li>Cambia el recibo de banco en caja.<\/li>\n<li>Presenta una copia del pago en el mostrador de Servicios Escolares con tres fotograf\u00edas tama\u00f1o credencial (papel mate, blanco y negro, ovaladas, papel auto adherible, con retoque, fondo blanco y vestimenta formal).<\/li>\n<\/ul>\n<p><strong>Especificaciones:<\/strong><\/p>\n<ul>\n<li>S\u00f3lo se elabora para estudiantes con el 100% de los cr\u00e9ditos de su plan de estudios cubiertos \u2013Incluye Residencia Profesional-.<\/li>\n<\/ul>\n<p><strong>Costo del tr\u00e1mite:<\/strong><\/p>\n<ul>\n<li>Costo <span data-olk-copy-source=\"MessageBody\">$450.00 (vigencia del costo, 17 Julio de 2026)<\/span><\/li>\n<li>La entrega se realiza a los cinco d\u00edas h\u00e1biles.<\/li>\n<\/ul>\n<p><span style=\"line-height: 1.5em;\"><\/div><\/div><script type=\"text\/javascript\">\r\n\t\tjQuery(document).ready(function(){\r\n\tjQuery(\"#onethreefoureights .togglebox\").hide();\r\n\t\t\t\t\tjQuery(\"#onethreefoureights .toggle-header\").css({\"background-position\":\"0px -32px\"});jQuery(\"#onethreefoureights .toggle-header\").click(function(){\r\n\t\t\tif(!jQuery.browser.msie || (jQuery.browser.msie && jQuery.browser.version > 6)){\r\n\t\t\t\tif(jQuery(this).next(\".togglebox\").is(\":visible\")){\r\n\t\t\t\t\tjQuery(this).stop().animate({\"background-position\":\"0px -32px\"},{duration:400, easing:\"easeInSine\"});\r\n\t\t\t\t}else{\r\n\t\t\t\t\tjQuery(this).stop().animate({\"background-position\":\"0px 0px\"},{duration:400, easing:\"easeOutSine\"});\r\n\t\t\t\t}\r\n\t\t\t}\r\n\t\t\tjQuery(this).next(\".togglebox\").slideToggle(\"slow\");\r\n\t\t\treturn true;\r\n\t\t});\r\n\t\t});\r\n\t<\/script><\/span><\/p>\n<div class=\"toggle-holder\" id=\"threeninesixzeroni\" style=\"width:900px; float:none; \">\r\n\t<div class=\"toggle-header\">Examen de Egreso<\/div>\r\n\t<div class=\"togglebox\"><\/p>\n<p><strong>Procedimiento:<\/strong><\/p>\n<div class=\"x_elementToProof\" role=\"presentation\" data-olk-copy-source=\"MessageBody\"><span data-olk-copy-source=\"MessageBody\">1. Del 26 de febrero al 20 de marzo, realiza tu pre-registro a trav\u00e9s de Microsoft Forms en la siguiente liga:<\/span><\/div>\n<p><a href=\"https:\/\/forms.office.com\/r\/yzB63m3Qmc\" target=\"_blank\" rel=\"noopener\">https:\/\/forms.office.com\/r\/yzB63m3Qmc<\/a><\/p>\n<div class=\"x_elementToProof\" role=\"presentation\"><span data-olk-copy-source=\"MessageBody\">2. A partir del 23 de marzo, recibir\u00e1s un correo electr\u00f3nico con:<\/span><\/div>\n<ol>\n<li style=\"list-style-type: none;\">\n<ol>\n<li style=\"list-style-type: none;\">\n<ol>\n<li>Las instrucciones para realizar tu registro en la plataforma del Ceneval.<\/li>\n<li>Los pasos para generar tu Pase de Ingreso.<\/li>\n<li>Las indicaciones para efectuar el pago correspondiente.<\/li>\n<\/ol>\n<\/li>\n<\/ol>\n<\/li>\n<\/ol>\n<div class=\"x_elementToProof\" role=\"presentation\"><span data-olk-copy-source=\"MessageBody\">3. Entrega en la ventanilla de atenci\u00f3n de Servicios Escolares, a m\u00e1s tardar el 5 de junio, la siguiente documentaci\u00f3n:<\/span><\/div>\n<ol>\n<li style=\"list-style-type: none;\">\n<ol>\n<li style=\"list-style-type: none;\">\n<ol start=\"1\" data-editing-info=\"{&quot;orderedStyleType&quot;:5}\">\n<li data-olk-copy-source=\"MessageBody\">Copia de tu Pase de Ingreso.<\/li>\n<li>Comprobante o recibo de pago emitido por Tesorer\u00eda.<\/li>\n<\/ol>\n<\/li>\n<\/ol>\n<\/li>\n<\/ol>\n<div class=\"x_elementToProof\"><\/div>\n<p><strong>Especificaciones:<\/strong><\/p>\n<div class=\"x_elementToProof\" role=\"presentation\" data-olk-copy-source=\"MessageBody\">\n<div role=\"presentation\"><span data-olk-copy-source=\"MessageBody\">1. El pago del examen podr\u00e1 realizarse del 20 de marzo al 4 de junio de 2025, siempre y cuando hayas completado el pre-registro en Forms.<\/span><\/div>\n<p>2. El examen EGEL est\u00e1 programado para su aplicaci\u00f3n el 10 de julio de 2026.<\/p>\n<p>3. Podr\u00e1n presentar el examen \u00fanicamente:<\/p>\n<ul>\n<li style=\"list-style-type: none;\">\n<ul data-editing-info=\"{&quot;unorderedStyleType&quot;:2}\">\n<li data-olk-copy-source=\"MessageBody\">Estudiantes de octavo y\/o noveno semestre, o<\/li>\n<li>Estudiantes que cuenten con el 100% de los cr\u00e9ditos de su plan de estudios cubiertos.<\/li>\n<\/ul>\n<\/li>\n<\/ul>\n<\/div>\n<div class=\"x_elementToProof\" role=\"presentation\"><span data-olk-copy-source=\"MessageBody\">4. El horario de atenci\u00f3n para entregar la documentaci\u00f3n en Servicios Escolares es de lunes a viernes, de 8:00 a 17:30 horas.<\/span><\/div>\n<p>&nbsp;<\/p>\n<p><strong>Costo del tr\u00e1mite:<\/strong><\/p>\n<ul>\n<li data-olk-copy-source=\"MessageBody\">\n<div class=\"x_elementToProof\"><span data-olk-copy-source=\"MessageBody\">El costo del examen es de $2,877.00 (dos mil ochocientos setenta y siete pesos 00\/100 M.N.).<\/span><\/div>\n<\/li>\n<\/ul>\n<p><\/div><\/div><script type=\"text\/javascript\">\r\n\t\tjQuery(document).ready(function(){\r\n\tjQuery(\"#threeninesixzeroni .togglebox\").hide();\r\n\t\t\t\t\tjQuery(\"#threeninesixzeroni .toggle-header\").css({\"background-position\":\"0px -32px\"});jQuery(\"#threeninesixzeroni .toggle-header\").click(function(){\r\n\t\t\tif(!jQuery.browser.msie || (jQuery.browser.msie && jQuery.browser.version > 6)){\r\n\t\t\t\tif(jQuery(this).next(\".togglebox\").is(\":visible\")){\r\n\t\t\t\t\tjQuery(this).stop().animate({\"background-position\":\"0px -32px\"},{duration:400, easing:\"easeInSine\"});\r\n\t\t\t\t}else{\r\n\t\t\t\t\tjQuery(this).stop().animate({\"background-position\":\"0px 0px\"},{duration:400, easing:\"easeOutSine\"});\r\n\t\t\t\t}\r\n\t\t\t}\r\n\t\t\tjQuery(this).next(\".togglebox\").slideToggle(\"slow\");\r\n\t\t\treturn true;\r\n\t\t});\r\n\t\t});\r\n\t<\/script>\n<h4>dudas y contacto: <a href=\"mailto:serviciosescolares@upslp.edu.mx\" target=\"_blank\" rel=\"noopener noreferrer\" data-auth=\"NotApplicable\">serviciosescolares@upslp.edu.mx<\/a><\/h4>\n","protected":false},"excerpt":{"rendered":"<p>AVISO \u00abA partir del 1 de octubre de 2018, el registro de t\u00edtulo y [&hellip;]<\/p>\n","protected":false},"author":1,"featured_media":0,"parent":2439,"menu_order":0,"comment_status":"closed","ping_status":"closed","template":"","meta":{"footnotes":""},"_links":{"self":[{"href":"https:\/\/www.upslp.edu.mx\/upslp\/index.php?rest_route=\/wp\/v2\/pages\/2449"}],"collection":[{"href":"https:\/\/www.upslp.edu.mx\/upslp\/index.php?rest_route=\/wp\/v2\/pages"}],"about":[{"href":"https:\/\/www.upslp.edu.mx\/upslp\/index.php?rest_route=\/wp\/v2\/types\/page"}],"author":[{"embeddable":true,"href":"https:\/\/www.upslp.edu.mx\/upslp\/index.php?rest_route=\/wp\/v2\/users\/1"}],"replies":[{"embeddable":true,"href":"https:\/\/www.upslp.edu.mx\/upslp\/index.php?rest_route=%2Fwp%2Fv2%2Fcomments&post=2449"}],"version-history":[{"count":147,"href":"https:\/\/www.upslp.edu.mx\/upslp\/index.php?rest_route=\/wp\/v2\/pages\/2449\/revisions"}],"predecessor-version":[{"id":22743,"href":"https:\/\/www.upslp.edu.mx\/upslp\/index.php?rest_route=\/wp\/v2\/pages\/2449\/revisions\/22743"}],"up":[{"embeddable":true,"href":"https:\/\/www.upslp.edu.mx\/upslp\/index.php?rest_route=\/wp\/v2\/pages\/2439"}],"wp:attachment":[{"href":"https:\/\/www.upslp.edu.mx\/upslp\/index.php?rest_route=%2Fwp%2Fv2%2Fmedia&parent=2449"}],"curies":[{"name":"wp","href":"https:\/\/api.w.org\/{rel}","templated":true}]}}